 Let t(u) be the first derivative of b(u). Calculate t(-5).
3
Let d(w) = -2*w - 2. Suppose 8*f = 3*i + 4*f - 18, 4*i = f + 11. What is d(i)?
-6
Suppose 5*v - 4*v = -4. Let k(y) = -3*y - 7. Let b(h) = -h - 3. Let x(d) = 5*b(d) - 2*k(d). Determine x(v).
-5
Suppose 8 = 4*q - 2*q. Let m(d) = d**3 + 5*d**2 + 2*d - 5. Let h be m(-4). Let k(c) = -5*c - 2*c + 6 - 2*c**2 + h*c**2. Determine k(q).
-6
Suppose 1 = 2*v + 5*h + 19, 2*v = -3*h - 10. Let o(d) = 2*d - 3*d - 1 + v. What is o(4)?
-4
Suppose -3*j = -2*j + 2. Let w(b) = -b**2 - b - 2. What is w(j)?
-4
Let d(x) be the first derivative of x**2/2 + 7*x - 9. Calculate d(-10).
-3
Let s(g) = g**3 - g**2 + g - 1. Let p be s(2). Let l(c) be the third derivative of -c**6/120 + c**5/12 - c**4/12 + 7*c**3/6 - 10*c**2. What is l(p)?
-3
Let m(h) = -h + 3. Let y be m(3). Suppose 0 = 4*l - 4 - y. Let w(t) = 1 - t + 2 - l. What is w(2)?
0
Let l(w) = 37 - 80 + 42 + 0*w - w + w**2. Determine l(0).
-1
Let u(b) = -b**3 + 6*b**2 - 5*b + 3. Let m be u(5). Let g(q) = 1 - 4*q**2 + m*q**2 + 0 + 6*q. Suppose 1 = 2*p - 5. What is g(p)?
10
Let c(w) = w**3 + 5*w**2 + 4*w - 1. Let j = -90 - -87. Give c(j).
5
Let k = -79 - -79. Let y(h) = h**2 + h + 1. What is y(k)?
1
Let c(x) = -x**3 - 4*x**2 + 8*x + 7. Suppose k + 5 = -0*k. What is c(k)?
-8
Let l be (-2)/(-2)*(6 + -10). Let z(a) = -a**3 - 7*a**2 - 3*a - 2. Let k(u) = u**2 + u - 1. Let h = 0 + 1. Let b(w) = h*z(w) + 3*k(w). Determine b(l).
-5
Let t(o) be the second derivative of 2*o**2 + 0 - 2*o - 7/6*o**3 + 1/2*o**4 - 1/20*o**5. Determine t(5).
-6
Let c(j) be the second derivative of -j**5/120 - j**3/6 + j. Let x(a) be the second derivative of c(a). Determine x(0).
0
Let k(g) = -g + 12. Suppose 20 = -b - 4*q, 3*q + 15 = 2*b + b. Suppose b = -m + 3*m. Calculate k(m).
12
Let n(q) = q**3 + 5*q**2 + 6*q + 2. Let s = 52 - 56. What is n(s)?
-6
Let y be 0/((-5 - -9)/(-2)). Let o(m) be the third derivative of m**4/24 + 2*m**3/3 - m**2. Determine o(y).
4
Let z(n) = 6 + 3 - n - 6. Let l = 11 - 8. Let d be z(l). Let w(y) = y**3 - y**2 - y + 9. Give w(d).
9
Let b(s) = 8*s - 18. Let c(k) = 5*k - 9. Let z(p) = -3*b(p) + 5*c(p). Let m be (-6)/4 - 2/(-4). Let t be (-1 - m) + (-12)/3. Give z(t).
5
Let g = 7 - 17. Let i = -10 - g. Let v(t) = -t + 9. Give v(i).
9
Let j(q) = q**3 + 9*q**2 + 8*q + 1. Let r be j(-8). Let n = -6 + r. Let u(m) = -2*m - 4. Give u(n).
6
Suppose -19 = 4*z + 1. Let h(n) = 2*n - n + 5*n**2 + n**3 - 2*n - 7. What is h(z)?
-2
Let n(d) = -23*d - 26. Let i(f) = 8*f + 9. Let j(x) = 17*i(x) + 6*n(x). Give j(-4).
5
Let c(v) = -3*v**3 - 5*v**2 - 8*v - 6. Let z(n) = -7*n**3 - 9*n**2 - 16*n - 12. Let i(m) = -5*c(m) + 2*z(m). Let h be 9/27 + (-19)/3. What is i(h)?
-6
Suppose -2*z - 8 = 0, -3*k + 4*k - 4*z - 15 = 0. Let m(n) = 3*n**3 + n**2. Determine m(k).
-2
Suppose -2*q + 14 = -3*p, q + 5*p = -3*q + 6. Let o(b) be the second derivative of -b**5/20 + b**4/3 - b**3/6 - b**2 + b + 24. Calculate o(q).
-6
Let a = 6 + -7. Let n(q) be the third derivative of -q**4/3 - q**3/6 + 2*q**2. Give n(a).
7
Let q(o) = 4*o + 8. Let u(m) = -5*m - 8. Let p(i) = 4*q(i) + 3*u(i). Suppose -4*x - 46 = -2*v - v, -18 = -v + 4*x. Suppose -5*c - v - 11 = 0. Calculate p(c).
3
Let s(b) be the second derivative of 5*b**4/12 - b**2/2 + 28*b. What is s(-1)?
4
Let b(x) = -2*x**2 - x. Suppose 6 = 49*t - 52*t. Determine b(t).
-6
Let j(o) = -o - 6. Let p(z) = -z + 3. Let l be p(7). Let u be j(l). Let s be u*(-4)/(16/6). Let k(x) = -x**2 + 5*x - 4. Give k(s).
2
Let t(k) = -k + 13. Let p be t(23). Let b(j) = j**3 + 11*j**2 + 11*j + 4. Give b(p).
-6
Let m(y) = -y**2 - 5*y - 1. Let a = 10 + -6. Suppose -5*s + 2*t = 21, 2*s + a*t = -20 + 2. Give m(s).
-1
Let h(u) = -u**2 + 4*u + 64. Let f be h(10). Let w(q) be the first derivative of 7*q - 2*q - q - 1 - 2*q**2. What is w(f)?
-12
Let r = -17 - -18. Let n(f) = 4*f**3 + f**2 - f + 1. Determine n(r).
5
Let g(q) be the first derivative of -q**3/3 + 3*q**2/2 - 2*q - 2. Suppose -2*s = -v, v - 2 = -5*s + 12. Give g(v).
-6
Let l(w) = w**2 + 11*w + 7. Let c(h) = h - 4. Let k be c(-6). Let f be l(k). Let t(d) = d**2 + 6*d + 4. What is t(f)?
-5
Suppose 0*f - 8 = -4*f. Let b(c) = -13*c**f + 12*c**2 - c**3 - 5 + 2*c**3. Determine b(0).
-5
Let a = 122 + -129. Let s(w) = -w + 7. Determine s(a).
14
Let y(b) be the third derivative of 0*b + 9*b**2 + 1/24*b**4 + 0 - 1/2*b**3. Determine y(-3).
-6
Let x(f) = -3*f**2 + 13*f + 11. Let w(l) = -l**2 + l. Let t(h) = -4*w(h) + x(h). What is t(-8)?
3
Let a(l) be the third derivative of -l**6/120 + l**5/30 - l**4/12 - l**3/3 - 8*l**2. What is a(2)?
-6
Suppose 0 = -4*a + 3*m - 87, -a - 38 = -3*m - m. Let s be (3/6)/(1/4). Let u be (s/(-6))/((-6)/a). Let r(b) = -b**3 + b + 1. What is r(u)?
1
Let m(v) = v + 9. Let d be m(-8). Let t(r) be the first derivative of -2 + 7/2*r**2 + 0*r. Determine t(d).
7
Let z be -3*(-7)/14*(-2)/(-6). Let l(s) be the second derivative of -z*s**3 + 2*s + s**2 + 0. Give l(2).
-4
Let l(q) = -q**2 + 3*q - 4. Let w(g) = -g**3 + 2. Let h be w(0). Suppose x = -4*y + 28, 2*y - 60 = -5*x - h*y. Let z be (-1 - x/(-5))*5. Determine l(z).
-4
Let r(s) = -2*s - 7. Let t(i) = 5*i - 104. Let n be t(20). Determine r(n).
1
Let k = 23 + -20. Let m(f) = -f**3 + 2*f**2 + 4*f - 2. Calculate m(k).
1
Let i(a) = a**3 + a**2 + 6. Let j(q) = q**3 - 7*q**2 + 4*q + 7. Let v be j(6). Suppose 15 = 3*w - 0*w. Let c = w + v. Give i(c).
6
Let j(r) = 2*r - 6. Let f be j(4). Let x(t) = -2*t - 3. Let d(l) = -7*l - 15. Let q(b) = -2*d(b) + 9*x(b). Give q(f).
-5
Let b be (-1 - -1) + 15/(-3). Suppose -4*g + 38 = 10. Let w(q) = 5*q + 1. Let s(c) = 6*c + 2. Let z(a) = g*w(a) - 6*s(a). What is z(b)?
0
Let z(f) be the second derivative of -f**4/4 - f**3/3 - f**2/2 + f. Suppose -1 + 11 = 5*c. Suppose -4*l - 2*x = -x - 1, -c*l - 5*x + 23 = 0. Give z(l).
-2
Suppose 0 = 3*h - 15, h - 4*h = -w - 15. Let f(t) = w*t**2 + t + 2*t**3 - 12 + 13 + t**2. Determine f(-1).
-1
Let g(t) = -2*t + t + 10*t**2 - 9*t**2. Let n(w) be the third derivative of -w**6/120 - w**5/10 - w**4/4 - 2*w**3/3 - w**2. Let u be n(-5). Determine g(u).
0
Let r(x) = x**2. Let q(t) = -6*t**2 - 3*t + 5. Let f(y) = -q(y) - 5*r(y). Give f(-6).
13
Suppose -4*n + n = 0. Let k be (n - 1)*-3*1. Let a(g) = g**2 - 2*g + 1. Let i be a(k). Let o(q) = q**3 - 5*q**2 + 6*q - 1. What is o(i)?
7
Let l(n) = -n**3 + 4*n**2 + n - 2. Let h be l(4). Let d(b) = b**3 - 2*b**2 + 2*b - 3. What is d(h)?
1
Let t(w) = 6 - 1 + w - 5. Give t(-6).
-6
Let c = -105 + 98. Let f(r) = -r**2 + 7*r - 3. Let i(y) = -6*y**2 + 35*y - 15. Let l(q) = 11*f(q) - 2*i(q). What is l(c)?
-3
Let f(l) = 2*l**2 + 11*l - 7. Let o(r) = -r**2 - 10*r + 6. Let h(u) = 2*f(u) + 3*o(u). Determine h(5).
-11
Let v(l) = -l**2 + 3*l + 4. Let p = -14 + 16. Suppose 0*w = z + 5*w - 13, p*w + 11 = 5*z. Determine v(z).
4
Suppose -2*w = -5 + 1. Let y(x) = -x - 2*x - w + x**2 - x. Determine y(4).
-2
Let a(j) = 6*j + 3 + 9 - 4*j - 4. What is a(-6)?
-4
Let s(t) be the first derivative of -t**2/2 + 5*t - 52. Determine s(0).
5
Let t(d) = d**3 - 3*d**2 + 4*d - 2. Let b = -3 + 2. Let p be b - (-4 + 2/1). Let o be p/(-2)*-1*4. Determine t(o).
2
Let b(y) = y. Suppose 2 - 12 = -2*o. Calculate b(o).
5
Suppose 6 = 4*i - 0*i + 3*f, -4 = 2*i + 5*f. Suppose 0 = -i*p + 2 + 1. Let x(n) = 2*n**2 + 1 + 0*n**2 + 0*n**2. What is x(p)?
3
Let u(v) = -v**2 - 5*v - 2. Let q(k) = 4*k + 64. Let a be q(-17). Give u(a).
2
Let n(r) be the first derivative of -4*r**3/3 - r**2/2 - r + 2. What is n(-1)?
-4
Let r(n) be the first derivative of 2*n**2 + 1. Suppose -12*c + 17*c = 5. Calculate r(c).
4
Let n(o) = -2*o + 2. Let v = -4 + 7. Give n(v).
-4
Let a(q) = -q + 2*q + 3*q + 2 + q**2. Let r(w) = -w**2 - 3*w - 1. Let y(t) = 4*a(t) + 3*r(t). Give y(-5).
-5
Let j(m) be the second derivative of m**4/6 + m**3/6 - 2*m**2 - 5*m. Let l = 4 - 7. Give j(l).
11
Suppose -3*o + 1 = -4*o. Let m(j) = 14*j**3 - j**2 - j. What is m(o)?
-14
Let b(t) = 5*t**3 + 3*t**2 + 4*t - 17. Let z(v) = 3*v**3 + v**2 + 2*v - 9. Let n = -9 - -16. Let q(j) = n*z(j) - 4*b(j). Calculate q(5).
-5
Let x(t) be the third derivative of t**5/60 - t**4/6 + t**3/6 + 2*t**2. Calculate x(4).
1
Let b(t) = -13*t**2 - t + 1. Suppose 6*r - 3*r = 3. Determine b(r).
-13
Let j(z) = z**2 - 4*z - 1. Suppose 2*q - 2 = 2. Let k(d) = -1 - 3*d + 6*d - 2. Let g 